ltiple of 216?
False
Is 358 a factor of 5708668?
True
Is 285 a factor of 65265?
True
Is 530622 a multiple of 123?
True
Does 158 divide 2648080?
True
Is 5 a factor of 1856470?
True
Is 1481568 a multiple of 184?
True
Does 441 divide 1543345?
False
Is 1752996 a multiple of 246?
True
Does 151 divide 321932?
True
Does 187 divide 7859984?
True
Does 103 divide 12930002?
True
Is 15486480 a multiple of 9?
True
Is 6 a factor of 30702?
True
Is 11832628 a multiple of 29?
False
Does 43 divide 3712921?
True
Is 4771452 a multiple of 903?
True
Is 569491 a multiple of 13?
True
Is 193752 a multiple of 81?
True
Is 1658340 a multiple of 498?
True
Is 348 a factor of 915240?
True
Does 51 divide 278205?
True
Does 38 divide 284411?
False
Does 23 divide 45954?
True
Does 9 divide 792?
True
Does 65 divide 309596?
False
Is 202 a factor of 343086?
False
Does 36 divide 156014?
False
Is 440095 a multiple of 236?
False
Is 216533 a multiple of 13?
False
Does 561 divide 6275089?
False
Does 7 divide 2457?
True
Does 479 divide 2902740?
True
Is 16 a factor of 63964?
False
Does 22 divide 568705?
False
Is 2153840 a multiple of 36?
False
Is 940261 a multiple of 217?
True
Is 7053768 a multiple of 1252?
True
Is 54 a factor of 215785?
False
Is 36 a factor of 2672859?
False
Is 1064856 a multiple of 30?
False
Is 47 a factor of 697183?
False
Is 5 a factor of 260410?
True
Is 22 a factor of 1813154?
False
Is 42910 a multiple of 70?
True
Does 92 divide 337910?
False
Is 439 a factor of 1856880?
False
Does 87 divide 108815?
False
Is 1492736 a multiple of 28?
True
Does 11 divide 15532517?
True
Is 18510 a multiple of 10?
True
Is 569622 a multiple of 106?
False
Is 175528 a multiple of 296?
True
Is 1611566 a multiple of 3?
False
Is 822618 a multiple of 54?
False
Is 220001 a multiple of 40?
False
Is 49 a factor of 123578?
True
Does 16 divide 1850800?
True
Does 3 divide 3476658?
True
Is 9 a factor of 1432755?
True
Is 44 a factor of 124248?
False
Is 132 a factor of 155488?
False
Does 491 divide 1038753?
False
Is 6525852 a multiple of 129?
True
Is 3450498 a multiple of 12?
False
Is 43 a factor of 6941318?
True
Is 2981232 a multiple of 16?
True
Is 309 a factor of 815451?
True
Is 131565 a multiple of 105?
True
Is 101 a factor of 1763864?
True
Is 62868 a multiple of 199?
False
Is 6 a factor of 5193692?
False
Is 21 a factor of 5953122?
True
Is 285760 a multiple of 94?
True
Does 266 divide 4251878?
False
Does 13 divide 6542479?
False
Is 15 a factor of 982965?
True
Is 4 a factor of 1578884?
True
Does 205 divide 2988252?
False
Is 527 a factor of 926466?
True
Does 48 divide 24142?
False
Is 314 a factor of 8004139?
False
Does 104 divide 680576?
True
Is 195 a factor of 9697545?
True
Is 21696458 a multiple of 315?
False
Is 79676 a multiple of 24?
False
Is 4 a factor of 19635?
False
Is 11 a factor of 412137?
True
Is 11 a factor of 771069?
False
Does 62 divide 103045?
False
Does 6 divide 1525932?
True
Is 86 a factor of 24214?
False
Does 25 divide 602775?
True
Is 250 a factor of 670438?
False
Is 5491003 a multiple of 18?
False
Is 318 a factor of 1096782?
True
Does 8 divide 27201?
False
Does 11 divide 10044452?
True
Is 16 a factor of 25517?
False
Does 22 divide 1457698?
True
Does 52 divide 620023?
False
Is 764386 a multiple of 71?
True
Does 12 divide 383484?
True
Is 60 a factor of 142370?
False
Is 127 a factor of 233426?
True
Is 1940790 a multiple of 152?
False
Is 78162 a multiple of 12?
False
Does 159 divide 23125869?
False
Does 12 divide 2309280?
True
Does 330 divide 1278796?
False
Is 1915 a multiple of 23?
False
Is 4019400 a multiple of 12?
True
Is 300960 a multiple of 60?
True
Does 2 divide 682458?
True
Does 7 divide 887489?
False
Does 469 divide 1638217?
True
Is 969641 a multiple of 123?
False
Does 71 divide 453443?
False
Is 19 a factor of 90877?
True
Is 159 a factor of 435198?
False
Does 8 divide 13583?
False
Is 50083 a multiple of 203?
False
Is 78960 a multiple of 235?
True
Is 6 a factor of 101703?
False
Is 195 a factor of 5460?
True
Is 2 a factor of 333086?
True
Is 568266 a multiple of 296?
False
Is 7602175 a multiple of 35?
True
Does 192 divide 88320?
True
Is 90021 a multiple of 187?
False
Is 5354507 a multiple of 1244?
False
Is 208 a factor of 70450?
False
Does 13 divide 78577?
False
Is 673 a factor of 6771726?
True
Is 10670 a multiple of 22?
True
Is 127820 a multiple of 14?
True
Is 41 a factor of 2991524?
True
Is 234 a factor of 260208?
True
Is 83 a factor of 1333146?
True
Is 3 a factor of 15792?
True
Is 16536582 a multiple of 45?
False
Is 92 a factor of 129193?
False
Does 43 divide 261999?
True
Is 117318 a multiple of 6?
True
Is 207773 a multiple of 385?
False
Is 30 a factor of 328020?
True
Does 509 divide 77412?
False
Is 90 a factor of 211715?
False
Does 7 divide 44460?
False
Is 182 a factor of 272090?
True
Does 295 divide 3704610?
True
Is 4 a factor of 4042?
False
Does 105 divide 54075?
True
Does 59 divide 490703?
True
Is 188 a factor of 465267?
False
Does 3 divide 2181?
True
Is 8 a factor of 85415?
False
Is 90352 a multiple of 135?
False
Is 1174608 a multiple of 108?
True
Does 42 divide 3289669?
False
Does 2 divide 136791?
False
Is 15168 a multiple of 11?
False
Does 13 divide 577370?
False
Does 1079 divide 3786211?
True
Is 1019209 a multiple of 45?
False
Does 2 divide 38905?
False
Is 49476 a multiple of 3?
True
Does 13 divide 12648155?
True
Is 1364607 a multiple of 9?
True
Is 1847958 a multiple of 46?
True
Is 266794 a multiple of 425?
False
Does 46 divide 104567?
False
Is 3659092 a multiple of 131?
True
Is 12653912 a multiple of 8?
True
Is 300561 a multiple of 57?
True
Does 3 divide 33057?
True
Is 8456716 a multiple of 34?
False
Does 33 divide 99717?
False
Is 152734 a multiple of 4?
False
Is 132649 a multiple of 90?
False
Does 220 divide 12870880?
True
Is 241119 a multiple of 73?
True
Does 69 divide 552?
True
Does 418 divide 452276?
True
Does 495 divide 324078?
False
Is 794286 a multiple of 6?
True
Is 193 a factor of 1021244?
False
Is 7954273 a multiple of 107?
True
Does 196 divide 8624?
True
Is 57129 a multiple of 139?
True
Is 8746619 a multiple of 7?
True
Is 122 a factor of 364129?
False
Does 198 divide 1393528?
False
Does 468 divide 78624?
True
Is 1259876 a multiple of 29?
True
Is 42 a factor of 102396?
True
Does 463 divide 4820756?
True
Is 253080 a multiple of 40?
True
Is 27 a factor of 328401?
True
Is 18 a factor of 2040201?
False
Does 642 divide 6475768?
False
Is 12 a factor of 106992?
True
Is 1520159 a multiple of 32?
False
Does 16 divide 1011206?
False
Is 4292778 a multiple of 571?
True
Is 128179 a multiple of 23?
True
Is 20838 a multiple of 69?
True
Does 295 divide 78269?
False
Is 68647 a multiple of 19?
True
Is 192698 a multiple of 38?
True
Is 4 a factor of 44362?
False
Is 6382055 a multiple of 10?
False
Does 29 divide 2052192?
False
Is 754500 a multiple of 500?
True
Is 5838649 a multiple of 408?
False
Does 514 divide 293494?
True
Does 429 divide 2344310?
False
Is 12080 a multiple of 4?
True
Is 30 a factor of 12900?
True
Does 3 divide 159973?
False
Is 100997 a multiple of 31?
False
Is 76502 a multiple of 31?
False
Is 94 a factor of 1667989?
False
Does 305 divide 1293911?
False
Is 92661 a multiple of 60?
False
Is 11 a factor of 37384?
False
Is 230282 a multiple of 18?
False
Is 796488 a multiple of 12?
True
Is 191 a factor of 616930?
True
Is 4470760 a multiple of 140?
True
Does 643 divide 4655320?
True
Does 53 divide 114466?
False
Is 96432 a multiple of 656?
True
Is 24801320 a multiple of 20?
True
Does 712 divide 8787504?
True
Is 581 a factor of 7633178?
True
Is 570 a factor of 4284371?
False
Is 57 a factor of 4057317?
True
Is 35 a factor of 28340?
False
Is 241437 a multiple of 358?
False
Is 378471 a multiple of 36?
False
Is 289 a factor of 610472?
False
Does 71 divide 7937?
False
Is 28292409 a multiple of 2370?
False
Is 19450 a multiple of 25?
True
Does 420 divide 1313002?
False
Is 300 a factor of 2905800?
True
Is 2 a factor of 4871?
False
Does 255 divide 1422900?
True
Is 50636 a multiple of 94?
False
Is 36 a factor of 38657?
False
Does 84 divide 1625652?
True
Is 688500 a multiple of 222?
False
Does 106 divide 145750?
True
Is 652626 a multiple of 234?
True
Is 146 a factor of 1483870?
False
Does 216 divide 3220344?
True
Is 49 a factor of 2207002?
False
Does 122 divide 6726792?
False
Is 21